 + 26. Let w be (6/4)/((-9)/p). Is ((-1)/2)/(w/580) prime?
False
Suppose 3*u - 1543 = -v + 5*u, 5*v = -3*u + 7715. Is v a composite number?
False
Let s(u) = -5*u - 7*u + 10 + 12 - 6 + 3*u**2. Is s(-11) a prime number?
False
Suppose -12 - 57 = -3*q. Is q composite?
False
Suppose 2*n - 2719 = -n + b, -2727 = -3*n - 3*b. Is n a prime number?
True
Let a be (-3)/(-3) - (0 - -1). Suppose -3*k + 4 + 2 = a. Suppose k*f + 3*f = 115. Is f a composite number?
False
Suppose f - 4*m - 110 = 0, 2*f - 2*m = -f + 360. Suppose 5*n + z - f = -z, -2*n + 68 = -4*z. Is n composite?
True
Suppose -6*n = -98 - 5164. Is n composite?
False
Let d(a) be the first derivative of 5*a**2/2 - a - 3. Let z be d(-1). Is (4/z)/(4/(-18)) prime?
True
Let m = 892 - 257. Is m composite?
True
Is -193*(-7)/4 + 6/(-8) a composite number?
False
Let u(s) = 3*s**2 - s + 3. Is u(8) prime?
False
Suppose 3*w + 4 - 175 = 0. Let t = 96 - w. Suppose 2*a - 67 = t. Is a a prime number?
True
Let u(w) = -10*w + 5*w**2 + 4*w + 17*w - 7 + 4*w**2. Is u(9) composite?
False
Suppose -2*m = 3*m - 70. Suppose -4*k + 206 - m = 0. Suppose k = -4*p + 508. Is p prime?
False
Suppose -5*a + 47 = 2*u, 30 - 9 = u + 2*a. Let x = u - 7. Suppose 4*s + 2*g - 478 = 0, 2*g + 2*g = x. Is s composite?
True
Suppose 0 + 26 = m. Suppose g = 157 - m. Is g a composite number?
False
Let u(x) be the third derivative of -7*x**6/120 - x**5/20 - x**4/24 + 3*x**2. Suppose -2 = -2*n - 2*m, 0 = 2*n + n + m + 3. Is u(n) composite?
True
Is (-11)/(0 + 1/(-71)) prime?
False
Suppose -4*p - 16 = -5*a, 4 + 7 = 3*a - p. Suppose -2*i + 20 = 2*z - i, z - a*i - 10 = 0. Is z composite?
True
Let m = -132 - -281. Is m prime?
True
Suppose 2*l + 28 = p, 3*p - 14 = -l + 42. Suppose 2*i - p = 362. Is i a composite number?
False
Let r be (1 - (1 + 0)) + 69. Is r/3*8 - -1 prime?
False
Let u(s) = 2 + 5 - 4 + 9*s**2 + 2*s + 0. Is u(-2) composite?
True
Let n(p) = -p**3 - p**2 + 2. Let q be n(0). Suppose -5*f - 16 = q*d, 0 = -2*f + 3*d + 1 + 4. Let t(r) = -27*r - 1. Is t(f) prime?
True
Let z = -19 - -38. Is z a composite number?
False
Is 2/(-11) + (-4)/(-44)*46213 composite?
False
Let i be 4/14 - 45/(-63). Let o = 20 - i. Is o prime?
True
Suppose 5*j - 2*j = -a + 6, 5*j = 3*a - 4. Suppose -5*s = -a*s + 12. Is ((-2)/s)/(1/57) a composite number?
False
Let b(a) = -a**3 + a. Let h be b(-1). Suppose 2*c + 0*c - 4 = h. Is 2 - (1 - c) - 0 a composite number?
False
Let l(j) = -j + 8. Let p be l(4). Suppose p*w = 3*w, -5*w = 4*v - 8. Is v + 1 + -3 + 143 a prime number?
False
Suppose 2*u = -22 + 252. Let y = -60 + u. Is y a composite number?
True
Suppose 0 = 3*z + 3*p - 3, -2*z + 7*z + 3*p = -3. Is (-2)/(-3)*282 - z composite?
False
Let d = 1 - -4. Let s = -45 - d. Let g = s + 97. Is g a prime number?
True
Suppose 2*m - 399 = -m. Suppose -k + m = -0*k. Is k composite?
True
Suppose 5*a = -5*q + 70, 2*a - 4*a + 2*q = -16. Suppose 5*t + a = -c - 0*t, 0 = 4*c + 2*t - 10. Let f = c + -1. Is f a composite number?
False
Let u be 28/6*(-9)/(-2). Let o = u + 3. Suppose 3*k - 33 = o. Is k a composite number?
False
Suppose -3*z = -5*n + 38, -n - 27 = -5*n - z. Is n prime?
True
Let r(b) = 2053*b**2 - 4*b + 4. Is r(1) composite?
False
Suppose 0 = 4*l - 5*a - 2550, 2*a = l - 945 + 306. Suppose 0 = -g + 6*g - l. Is g a prime number?
True
Is (-2 + 1)/(2 - 3678/1838) a prime number?
True
Suppose 0 = 5*t + 4*g, 2*t + 6*g - g + 17 = 0. Suppose -5*m + t*m = 0. Suppose 3*d + 3*b - 192 = m, d + d - 3*b - 143 = 0. Is d a prime number?
True
Let i = -108 - -859. Is i prime?
True
Suppose -2 = -2*k + 6. Suppose -2336 = -4*p - k*y, -y = 2*p - 1759 + 588. Is p a composite number?
False
Is 1382*(9/3 + -5)/(-4) a composite number?
False
Suppose -2*c + 32 = 2*c. Suppose -x - c = -293. Suppose -2*r - u + x = -382, 2*u + 1314 = 4*r. Is r a composite number?
False
Suppose 9 = -3*x + 2*t, 2*x + 2*t - 3*t = -6. Is x/2*1078/(-21) composite?
True
Let l(q) = -q**3 + q**2 - q + 79. Is l(0) a composite number?
False
Suppose 3*y + 4*v = 1443, 4*v - 1 = -13. Is y prime?
False
Let t = 6 - 3. Is 38 + t + 6*-1 a composite number?
True
Let z be (-2 + 1)/(2/30). Let j = 20 - z. Is j a prime number?
False
Let p be 3/(-1)*(-12)/(-9). Is (-54)/p - (-1)/2 a prime number?
False
Suppose 2*j - 4*t - 108 = 0, -3*j + 3*t = -139 - 8. Suppose u = -u + j. Let q = u - 7. Is q prime?
False
Let g(p) = p**2 - p - 7. Let c(b) = -3*b**2 + 3*b + 22. Let r(o) = 2*c(o) + 7*g(o). Is r(10) prime?
False
Let a(z) = -2*z**2 + 42*z - 19. Is a(18) a prime number?
True
Suppose -5*b - w = 63, b - 5*b - 54 = -w. Let f = -8 - b. Suppose 0 = -f*j - 124 + 819. Is j a composite number?
False
Let g(z) = -z**2 + 2*z + 3. Let d be g(3). Suppose -4*r - 2*k + 210 = -d*k, 5 = -5*k. Is r prime?
True
Let k = -1 - -1. Let v = k - 5. Let x(n) = n**3 + 6*n**2 - 3*n - 1. Is x(v) composite?
True
Let w(z) = 77*z**2 - 5*z + 6. Let j(p) = 39*p**2 - 2*p + 3. Let n(q) = 5*j(q) - 2*w(q). Let a be n(-5). Suppose 4*u + 0*u - a = 0. Is u a composite number?
False
Let t(c) = 21*c - 22. Is t(21) prime?
True
Suppose d = 5*d. Suppose -2*p + 5*p - 261 = d. Is p composite?
True
Let w(x) = -6*x**2 - 4*x. Let s be w(3). Is s/(-10) + (-2)/(-5) prime?
True
Let z be 5*(-15 + 2) + -2. Let y be 8/2*(-22)/(-4). Let o = y - z. Is o a composite number?
False
Let z = -7 + -2. Is 2/z + (-1966)/(-18) a composite number?
False
Let n = 109 + -78. Is n a composite number?
False
Let v(s) = -3*s + 5*s + 11*s**2 + 2*s**2 + 3 + 2*s. Let l(o) = -o**2 + 7*o + 6. Let r be l(8). Is v(r) prime?
True
Suppose 5*l - 4*z = l, -5*l + 3*z = 0. Suppose -3*a + 15 + 246 = l. Is a a prime number?
False
Let j = 1287 + -444. Is j prime?
False
Let b be (2 + -71)*(-2)/6. Suppose 0 = p - 4 - 1. Suppose -2*s + 0*c + b = -3*c, 120 = 5*s + p*c. Is s prime?
True
Suppose 3*d - 3*m = 77 + 25, 3*d - 94 = m. Suppose -57 = -v + d. Is v prime?
False
Suppose 2*x + x = -5*h + 475, -2*h + 159 = -5*x. Suppose -2*j = h - 6. Let l = j + 96. Is l a prime number?
True
Let r(i) = 56*i**2 + 7*i - 3. Is r(4) composite?
True
Let z(c) = -c**2 - 2*c + 4. Let w be z(-3). Suppose 0 = i - w - 0. Is 87 - (-2 - -2)/i composite?
True
Let w = 2256 - 1139. Is w a composite number?
False
Is -7 + 4 + -1 + 402 a composite number?
True
Suppose -p = -5*p + 716. Is p a prime number?
True
Let y be (-4)/((-16)/(-1004)) - 1. Let o = y - -517. Is o prime?
False
Let j be 16/(-40) + 24/10. Let u(y) = 2*y - 5*y**j - 5*y - 4*y**3 + 4*y**3 + 3 + y**3. Is u(6) a prime number?
False
Suppose z + 1420 + 4014 = 5*i, 0 = 3*i - z - 3260. Is i prime?
True
Suppose 2*q = -5*c + 6*q + 1708, -5*q = 10. Suppose 4*g = -p + c, 6*p = 2*p. Is g a composite number?
True
Let g = -406 + 737. Is g a prime number?
True
Suppose -3*n - 2*k + 524 = -611, 2*k = -n + 377. Is n a composite number?
False
Suppose 4*y + 1 = -3, 8992 = 3*c + 5*y. Is c a composite number?
False
Let z(l) = 10*l. Let r be z(1). Suppose y = t - 5, 5*y + 5*t - 35 = -r. Suppose y*p = 5*p - 635. Is p composite?
False
Is ((-18)/15)/(-3) - (-1779)/15 prime?
False
Let l(r) = 61*r**3 + r**2 + 6*r - 5. Is l(3) a prime number?
True
Let s(f) = -f + 4. Let w be s(0). Suppose -v + 5*q = -126, w*q - 338 = -2*v - 100. Suppose 6*a - 4*t = 3*a + v, -5*a - 5*t = -260. Is a prime?
True
Let z = -229 + 110. Let b = 286 + z. Is b composite?
False
Let m be ((-2)/3)/((-2)/18). Suppose 11*r = m*r + 635. Is r prime?
True
Is 191/6*(7 - 1) a prime number?
True
Let m = 7 - 2. Suppose -104 = -2*r + 2*f, 3*r = r + m*f + 101. Is r a composite number?
False
Let z(x) = -x**3 + 4*x**2 - 2*x + 6. Let y be z(4). Let i be 290/y + 5 + -3. Let t = i + 220. Is t composite?
True
Let d = 486 + -213. Suppose k - d = -2*k. Is k prime?
False
Suppose -2*p = -133 - 451. Suppose -5*q + 739 = 2*g + g, 3*g - p = -2*q. Is q prime?
True
Suppose 0 = 2*m - u - 1643, -m - u + 142 = -678. Is m a prime number?
True
Let n = 2 + -2. Suppose n = -4*p - 3*y - 201, -90 - 9 = 2*p + y. Let h = -29 - p. Is h prime?
True
Let i be ((-6)/9 + 1)*9. Suppose -i*c - 47 = -4*c. Let v = c - 28. Is v a composite number?
False
Suppose 3*s - 4*s + 2 = 0. Let u be (-6)/(10/(-4) - -1). Is (s/u)/((-9)/(-414)) a composite number?
False
Let h = 3245 - 1096. Is h composite?
True
Let p = 1292 - 434. Suppose 3*r + 285 = p. Is r prime?
True
Suppose -3*f = -4*s + 23, 5*f + 19 = -4*s + s. Suppos